 when 44 is divided by q?
17
Suppose 0 = -25*p + 8*p + 1989. Suppose -34*f = -33*f - p. Suppose -30 = -2*x - 0. Calculate the remainder when f is divided by x.
12
Let v = -4809 - -5043. Calculate the remainder when 1018 is divided by v.
82
Let x(q) = -11220*q - 1 + 44 + 11221*q. What is the remainder when 349 is divided by x(-8)?
34
Let m(n) = -3*n + 3. Let o be m(2). Let j = o - -10. What is the remainder when j is divided by 8/(-72)*1 - 444/(-324)*3?
3
Suppose -4*w + 349 = a, -140 = -w + a - 49. Let d = -44 + w. Suppose 0 = x - v - d, v = 2 - 0. What is the remainder when x is divided by 16?
14
Suppose 21 = -c - 5*g, -4*g = -0*g + 8. Let u be (-2)/(-4)*-1*(9 + c). Calculate the remainder when (-3 + u)*(-1)/(1/39) is divided by 27.
24
Calculate the remainder when 659 is divided by (-7)/(14/(-30))*(-72)/(-9).
59
Let z = -1788 + 1935. What is the remainder when z is divided by 15?
12
Let b(k) = k**2 + 29*k + 218. Calculate the remainder when 276 is divided by b(-15).
4
Let n(r) = 2*r**2 + 128*r - 1627. Calculate the remainder when 10832 is divided by n(-75).
22
Let f = -5408 - -7106. What is the remainder when f is divided by 68?
66
Suppose 4*p + 27*o - 40 = 23*o, -10 = 2*p - 4*o. What is the remainder when 220 is divided by p?
0
Let y = -47 - -81. Suppose 41*c - 875 = y*c. What is the remainder when c is divided by 33?
26
Let q(x) = 8*x + 120. Let s(c) = -10*c + 14. What is the remainder when q(-7) is divided by s(-2)?
30
Let g = -825 - -832. Let r = 19 - 16. What is the remainder when 24*(4 - (6 - r)) is divided by g?
3
Suppose 1047 = 8*a - 289. Let g = 193 - a. What is the remainder when 47 is divided by g?
21
Let r(q) = q**3 + 20*q**2 + 15*q + 31. What is the remainder when r(-3) is divided by 109?
30
Calculate the remainder when ((-75)/(-45))/(0 + 1/906) + -6 is divided by 29.
25
Let b = -71 + -17. Let t = 43 + b. Let r = 70 + t. What is the remainder when r is divided by 10?
5
Suppose 75*w = 264*w - 430353. What is the remainder when w is divided by 113?
17
Suppose 4*w - 54 = -3*g + 66, -120 = -4*w + 2*g. Suppose 3*h - 90 = -4*k + 99, 0 = k + 5*h - 60. Let i = k - w. Calculate the remainder when i is divided by 9.
6
Suppose 3*c = 821 - 779. Suppose c*z - 21*z = -406. What is the remainder when z is divided by ((-10)/8)/((-2)/32)?
18
Let b be (10/6)/((-5)/(-12)). Suppose 0 = 4*i + 5*c - 172, c - 60 = -i + b*c. What is the remainder when 239 is divided by i?
47
Suppose -42 = -2*l + 4*o - 16, -3*l - 3*o + 48 = 0. Let g(f) = -4 + 14*f + 5*f**3 - 25 - l*f**2 - 6*f**3. What is the remainder when 5 is divided by g(-16)?
2
Let v(w) be the first derivative of -w**4/4 + w**3 - w**2/2 + 4*w + 34. What is the remainder when v(2) is divided by 5?
1
Let g(m) = 3*m**3 - 6*m**2 + m - 23. What is the remainder when 297 is divided by g(3)?
3
Let u = 3895 - 3754. Calculate the remainder when 7331 is divided by u.
140
Let s = 2647 + -2418. What is the remainder when s is divided by 55*(24/(-10) - -3)?
31
Suppose -1265 + 209 = -8*n. Let y = 96 + -139. Let j = y + n. Calculate the remainder when j is divided by 45.
44
Suppose -49*s = -3704 - 1257 + 61. Calculate the remainder when 179 is divided by s.
79
Let u(j) = 2*j**2 + 6*j + 2. Let h(c) = 39*c - 6. Let w(p) = -40*p + 8. Let n(s) = -3*h(s) - 2*w(s). Calculate the remainder when n(-1) is divided by u(-4).
9
Suppose 63*j - 64 + 1 = 0. Suppose 168 = 3*m + 12. What is the remainder when m is divided by j?
0
Suppose -10*f + 18 + 22 = 0. Let y(v) = -v**2 - 14*v + 13. Calculate the remainder when y(-10) is divided by ((8 - 0)/(-2))/(f/(-18)).
17
Suppose 0 = 5*t + 5*i - 10630, -4*t + t + 5*i + 6394 = 0. Let a = t - 1267. What is the remainder when a is divided by 48?
45
Suppose -2*w = -4*p - 6*w - 216, -46 = p + 3*w. Suppose 18*u - 53*u + 4416 = 11*u. Let y = u + p. What is the remainder when 151 is divided by y?
37
Let z = 7560 + -7510. Calculate the remainder when 1346 is divided by z.
46
Suppose 3*g = 9*g - 30. Suppose -5*q - 19 + 107 = -4*l, -5*l = -q + g. Calculate the remainder when 91 is divided by q.
11
Let s(z) = 32*z**3 + 5*z**2 + 5*z + 143. Calculate the remainder when s(7) is divided by 228.
227
Suppose -4*g - 3*i = -4*i - 343, -4*i + 328 = 4*g. Suppose 21*w = 16*w + g. Calculate the remainder when 32 is divided by w.
15
Let q = 3 + 1. Suppose m + m - q = 0. Let v(h) = -45*h + 1. What is the remainder when m is divided by v(0)?
0
Suppose 3*w + 5*p - 8 = 0, 35*w - 30*w - p = 60. Suppose 28 = l - w. What is the remainder when l is divided by 23?
16
Calculate the remainder when 517 is divided by (-2 - 17) + 11 + 110.
7
Let u be 78/52*38/3. Suppose u - 24 = -a. Suppose -a = 3*d - 20. What is the remainder when 7 is divided by d?
2
Suppose -9288 = -109*d + 85*d. What is the remainder when d is divided by 198?
189
Let i = 433 - 389. Suppose -u - 27 = 5*t - 92, -4*u + i = 2*t. What is the remainder when 149 is divided by t?
5
Suppose 16*g - 580 - 1612 = 0. Calculate the remainder when g is divided by 14.
11
Suppose 6599 = 36*s + 392 - 5241. What is the remainder when 701 is divided by s?
65
Let x = 10 + 4. Suppose 862*q + 2034 = 868*q. Let h = 388 - q. Calculate the remainder when h is divided by x.
7
Suppose 5*m = -4*r + 83, 3*r + 2*m - 57 = -0*r. Suppose -19*d - 345 = -24*d + 5*n, d + 2*n - 51 = 0. What is the remainder when d is divided by r?
12
Let o = -1184 + 1190. Let x(k) = -k**2 - 6*k + 6. Let y be x(-5). Let r(u) = -u + 13. Calculate the remainder when o is divided by r(y).
0
Let f = -13858 - -14133. What is the remainder when 758 is divided by f?
208
Let g = -16 + 16. Suppose h + 3 - 8 = g. Suppose 0 = -l + c - h*c + 30, 0 = -5*l - 3*c + 218. What is the remainder when l is divided by 8?
6
Let m be -5 + -5 + 10 + 0. Let g(o) = -o**3 - 4*o + 4. Let w be g(m). Suppose 0 = -s + 3 + w. Calculate the remainder when 47 is divided by s.
5
Suppose -17*i + 720 = i. Suppose -4*a - 4*m + 1 = -a, m = 5*a - i. Calculate the remainder when 24 is divided by a.
3
Suppose 0 = -5*i + 38 + 2. Calculate the remainder when (17 - (3 - 2))*20/16 is divided by i.
4
Let b = 21 - 11. Suppose -5*d + b = -5*g, -2*d = -3*g - 5*d + 24. Let s(t) = -28*t. Calculate the remainder when s(-1) is divided by g.
1
Let u = 32 - 30. Suppose 38 + 29 = 4*p - d, 3*p = u*d + 49. Let w(s) = -2*s**3 - 17*s**2 + 7*s - 9. Calculate the remainder when p is divided by w(-9).
8
Let x(f) = -5*f - 4. Let i be x(-4). Suppose -i + 0 = -2*c. Let k(a) = -2*a - 7. Calculate the remainder when c is divided by k(-6).
3
Suppose 3*s + 31 = 4*s + 2*i, 0 = 2*s + i - 53. Let j be 392/(-1*2) + 40 + -40. Let x = j - -209. Calculate the remainder when s is divided by x.
12
Let g(v) = 1816*v**2 + 690*v - 690. Calculate the remainder when g(1) is divided by 6.
4
Let w be ((-8)/(-3))/(8/564). Let m = -170 + w. Calculate the remainder when m is divided by 14.
4
Let o = -440 + 445. Suppose 337 = -o*g + 2177. Calculate the remainder when g is divided by 53.
50
Let t be (-76)/(-3)*(-7 + 31/4). Let j = t - -62. What is the remainder when j is divided by 29?
23
Let t = 65 + -62. Suppose 0*f - t*f + f = 0. Suppose 4*w + 4*q - 212 = f, 2*q + 269 = 5*w + 5*q. What is the remainder when w is divided by 16?
7
Suppose 5*x - 20 = 0, 5*y - 49 = -3*x + 138. Let s(m) = -m**2 + 36*m - 10. Calculate the remainder when 48 + 0 + -1 + 1 is divided by s(y).
23
Let x = -445 - -519. Suppose m + 2*g = -0*g, -g = 2*m - 15. What is the remainder when x is divided by m?
4
What is the remainder when (-58890)/(-91) - 3/21 is divided by 184?
95
Let l(x) = -x**3 - 28*x**2 - 70*x - 31. What is the remainder when l(-26) is divided by 40?
37
Let i = -97 - -141. Suppose 44 + 15 = 4*w - s - 5, 0 = 5*s. Calculate the remainder when i is divided by w.
12
Let u(p) = -811*p - 13780. Calculate the remainder when 1261 is divided by u(-17).
1
Let l = 2529 - 2243. Calculate the remainder when 521 is divided by l.
235
Let s = 11322 - 9734. What is the remainder when s is divided by 30?
28
Let j(i) = 17*i + 29. Let z be j(4). Let y = 130 - z. Calculate the remainder when (-3)/(-15) + (-598)/(-10) is divided by y.
27
Suppose -5*a - 76 = -a. Let l = a - -31. Suppose 695 = -17*t + 831. Calculate the remainder when l is divided by t.
4
Calculate the remainder when 1076 is divided by 2 + -13 + (-306)/(-6).
36
Let m